2848283?
2848280
In base 10, what is -26 + 1960?
1934
In base 5, what is -41 + -2304313?
-2304404
In base 10, what is 2885543 - -52?
2885595
In base 8, what is -752 + -103123?
-104075
In base 13, what is -8c3bc1 - 9?
-8c3bca
In base 12, what is 4a9372 - 260?
4a9112
In base 3, what is 102 - -1200222222120?
1200222222222
In base 8, what is 2 - -2405435706?
2405435710
In base 2, what is 1111000000110110111011000 - 1?
1111000000110110111010111
In base 9, what is -183 - -14471?
14277
In base 3, what is 110101101 - -2200?
110111001
In base 14, what is 408 - 3c88?
-3880
In base 11, what is -52415614 + -4?
-52415618
In base 6, what is 22355045 + -223?
22354422
In base 8, what is -4476764 + 4?
-4476760
In base 15, what is 291 - -e3a9?
e64a
In base 12, what is 1149 + 150b5?
16242
In base 15, what is -abcd481 - -1?
-abcd480
In base 3, what is -21112010212 - -21?
-21112010121
In base 14, what is -3 + 140bdc1?
140bdbc
In base 11, what is -1a4552 + 1634?
-1a2a19
In base 4, what is 320 + 103213020?
103220000
In base 15, what is -6 + -e4c6ee?
-e4c705
In base 11, what is 1 - 54843633?
-54843632
In base 5, what is 21 + -122443121?
-122443100
In base 3, what is 102112100211020202 + -2?
102112100211020200
In base 12, what is -803 - 14b10?
-15713
In base 8, what is -2 + 2417436?
2417434
In base 3, what is -1 + 200212221211211?
200212221211210
In base 15, what is 5c - 6528?
-64bb
In base 14, what is -767 + -204?
-96b
In base 10, what is 1 + 282031180?
282031181
In base 12, what is 4b1a81 - a?
4b1a73
In base 16, what is -1b - -32b1b?
32b00
In base 6, what is -20 + 112422514?
112422454
In base 15, what is -ce47e2 + 9?
-ce47d8
In base 5, what is -43130342144 + -1?
-43130342200
In base 12, what is -2 - 2b9110b8?
-2b9110ba
In base 15, what is 783deb - 3e?
783dac
In base 14, what is -4b57d7 + -4d?
-4b5846
In base 12, what is -2189 - -29b7a?
279b1
In base 13, what is 22a + 105050?
10527a
In base 16, what is 38feda24 + -3?
38feda21
In base 14, what is 230c + 1c13?
4121
In base 13, what is 1748c01 - 3?
1748bcb
In base 12, what is a1b28 + 77?
a1ba3
In base 11, what is -45 - -59130?
59096
In base 5, what is -2201220 - 130030?
-2331300
In base 9, what is 101826668 + -7?
101826661
In base 8, what is 260062 + -3?
260057
In base 13, what is 13 - 206ccb3?
-206cca0
In base 16, what is -3a2 - -28cd5?
28933
In base 9, what is 8062 - 134?
7827
In base 5, what is 0 + -200201110443?
-200201110443
In base 11, what is -788 + -2159?
-2936
In base 11, what is 14574 + -828?
13847
In base 14, what is -991692 + -6?
-991698
In base 16, what is -4 - -102d1f2?
102d1ee
In base 8, what is 104544 - -4023?
110567
In base 8, what is 1 - 15034255?
-15034254
In base 13, what is -549b5 + 2946?
-5206c
In base 14, what is 2093565 + 46?
20935ab
In base 14, what is 217 - -14437?
14650
In base 3, what is 10202102222111201 - -11?
10202102222111212
In base 10, what is -1044 + -2372?
-3416
In base 11, what is 333071 - 194?
332988
In base 6, what is -5130301 - 14?
-5130315
In base 13, what is 0 + -47a606?
-47a606
In base 7, what is -136545542 - -5?
-136545534
In base 12, what is -a5999 - 1188?
-a6b65
In base 8, what is 275 - 530?
-233
In base 9, what is 417564454 - 2?
417564452
In base 8, what is -23 - -30362705?
30362662
In base 10, what is 517295 + -41?
517254
In base 10, what is -2080 - -35054?
32974
In base 5, what is -112302 - -11113?
-101134
In base 10, what is -575 - 4476?
-5051
In base 11, what is 4 + -2788252?
-2788249
In base 8, what is 14 + -4237134?
-4237120
In base 8, what is 663653466 + -5?
663653461
In base 6, what is -213110 + -101?
-213211
In base 14, what is 2 - 187ad?
-187ab
In base 9, what is -10 + 46536237?
46536227
In base 5, what is 0 - 4012342231?
-4012342231
In base 6, what is 4 + -2321344331?
-2321344323
In base 6, what is -200432505433 - 0?
-200432505433
In base 10, what is -60603 - 6557?
-67160
In base 15, what is d77ced - a?
d77ce3
In base 14, what is 11b4b - a695?
5496
In base 5, what is 4 - -2301441123?
2301441132
In base 14, what is -4874a6 + -1?
-4874a7
In base 10, what is 8 - -2993048?
2993056
In base 15, what is 281 - -35a8?
3839
In base 10, what is -12643 - 454?
-13097
In base 14, what is -4a106 - 180?
-4a286
In base 14, what is -357c273 + -16?
-357c289
In base 4, what is -33022130012 + -1030?
-33022131102
In base 11, what is 5 - -8a4750?
8a4755
In base 6, what is 1021435255 + 10?
1021435305
In base 2, what is 1011000001111100 + -111001000101?
1010001000110111
In base 10, what is 275658 - 4?
275654
In base 5, what is -2 - 103044140143?
-103044140200
In base 15, what is -b7c6 + -95b?
-c232
In base 6, what is -25354221003 - -2?
-25354221001
In base 6, what is -23534454 + -3?
-23534501
In base 6, what is -555055343 - 3?
-555055350
In base 11, what is -2 - 23007763?
-23007765
In base 10, what is -2788 + -36?
-2824
In base 12, what is 8 - 252bb107?
-252bb0bb
In base 14, what is -157d88 - 117?
-1580a1
In base 2, what is -11001100001110 - -1111110100100?
-1001101101010
In base 8, what is -3 - -564701760?
564701755
In base 2, what is 11 - -100100000001111100001000?
100100000001111100001011
In base 16, what is -4 - 45c7da?
-45c7de
In base 10, what is -991 + 1759?
768
In base 3, what is 2102221000 - 211011?
2102002212
In base 2, what is -1101110000111000 - 100010000?
-1101110101001000
In base 15, what is c + -88aec?
-88ae0
In base 15, what is 2cd + -5d4e?
-5a71
In base 12, what is -3bb564 + 3?
-3bb561
In base 2, what is 10001100011010100 - -101100000000?
10010001111010100
In base 7, what is -3 - -52633362?
52633356
In base 7, what is -26 - -465112611?
465112552
In base 16, what is 3 + 25dbec3?
25dbec6
In base 7, what is -3 - 3603621?
-3603624
In base 14, what is -1084a9 - -1c?
-10848b
In base 7, what is -1313513 - 61?
-1313604
In base 9, what is 750 - -47717?
48567
In base 3, what is 212122010012102101 + -11?
212122010012102020
In base 16, what is 6d5 + -4d2e?
-4659
In base 4, what is 2 - 2123211002213?
-2123211002211
In base 8, what is -107046 - 5225?
-114273
In base 5, what is 1134101201 - 3?
1134101143
In base 6, what is 10444011 - -10035?
10454050
In base 11, what is -37 + 8189067?
8189030
In base 15, what is -c0bc + 7ae?
-b80d
In base 10, what is -7 - 63654692?
-63654699
In base 14, what is 1a951 - 1b4?
1a77b
In base 13, what is -69 + 9bc653?
9bc5b7
In base 5, what is 12413 - -222142?
240110
In base 15, what is -4 + -66e597c?
-66e5981
In base 4, what is -31 + 1003001031?
1003001000
In base 9, what is -2711 - 46337?
-50148
In base 9, what is -10175344 + 3?
-10175341
In base 14, what is 13 - -9034b2?
9034c5
In base 13, what is -6 - 23c909?
-23c912
In base 8, what is -47001703 - -14?
-47001667
In base 10, what is -837550 - 1?
-837551
In base 14, what is -421c07 + -1?
-421c08
In base 15, what is -a275 - -c7?
-a19d
In base 8, what is -1 + -461432253?
-461432254
In base 6, what is 1553 + -232312?
-230315
In base 6, what is -142454054 - -5?
-142454045
In base 7, what is 130131450 - -143?
130131623
In base 3, what is 1020 + 101120011110?
101120012200
In base 12, what is 3227 - -a71?
4098
In base 9, what is -1661774237 + 0?
-1661774237
In base 9, what is -2 - -4561273?
4561271
In base 12, what is 0 + -44b86693?
-44b86693
In base 7, what is 5230 + 314431?
322661
In base 13, what is 1331a39 + -1?
1331a38
In base 11, what is aa0 - 920?
180
In base 10, what is 51 + 26164585?
26164636
In base 12, what is -1139b - -4203?
-9198
In base 2, what is -1000100010 + 111010000000100?
111000111100010
In base 8, what is 7 + -266260320?
-266260311
In base 3, what is -1202221221020100 + 10?
-1202221221020020
In base 9, what is -310005 - 5540?
-315545
In base 3, what is 10200201 - -1021111?
11222012
In base 10, what is -5 + -52900006?
-52900011
In base 4, what is -213012233 + 22212?
-212330021
In base 10, what is -2865 + 422500?
419635
In base 13, what is -13c6c87 - 10?
-13c6c97
In base 11, what is -33834a1 + -3?
-33834a4
In base 4, what is 1011123303 + -21013?
1011102230
In base 8, what is 1 + -517660?
-517657
In base 11, what is 8173117 + -25?
81730a2
In base 9, what is -11 - 2236342?
-2236353
In base 4, what is 21030222 - 2013?
21022203
In base 6, what is -131333325 + -250?
-131334015
In base 11, what is -150375 + 2a2?
-150083
In base 8, what is -12427 + 42016?
27367
In base 6, what is 2 - -4400111554?